s of 66509786?
2, 7, 4750699
What are the prime factors of 204736093?
461, 444113
List the prime factors of 40529921.
17, 173, 13781
What are the prime factors of 617008123?
2273, 271451
List the prime factors of 646564612.
2, 317, 509909
List the prime factors of 307176089.
11, 379, 73681
List the prime factors of 47724813.
3, 181, 29297
What are the prime factors of 40550353?
41, 53, 18661
List the prime factors of 52990472.
2, 6623809
What are the prime factors of 74770337?
661, 113117
List the prime factors of 1001497529.
41, 71, 344039
What are the prime factors of 5201293?
5201293
List the prime factors of 487785544.
2, 60973193
List the prime factors of 91248320.
2, 5, 285151
List the prime factors of 44038171.
241, 359, 509
What are the prime factors of 105537534?
2, 3, 17589589
What are the prime factors of 32969957?
31, 1063547
What are the prime factors of 874415298?
2, 3, 17, 8572699
What are the prime factors of 4426026441?
3, 20333, 72559
What are the prime factors of 17048210?
2, 5, 41, 43, 967
List the prime factors of 60762033.
3, 6751337
List the prime factors of 51243923.
233, 219931
What are the prime factors of 21646848?
2, 3, 17, 829
What are the prime factors of 247016556?
2, 3, 31, 389, 569
What are the prime factors of 1258998546?
2, 3, 13, 17, 949471
List the prime factors of 65972971.
17, 3880763
What are the prime factors of 798064231?
389, 691, 2969
What are the prime factors of 93631064?
2, 823, 14221
What are the prime factors of 30007605?
3, 5, 29, 101, 683
What are the prime factors of 2309745384?
2, 3, 32079797
List the prime factors of 507636172.
2, 6043, 21001
What are the prime factors of 976430?
2, 5, 7, 13, 29, 37
What are the prime factors of 10202190?
2, 3, 5, 340073
List the prime factors of 4148565.
3, 5, 233, 1187
List the prime factors of 594920370.
2, 3, 5, 11, 151, 11939
List the prime factors of 22388260.
2, 5, 53, 21121
What are the prime factors of 33218504?
2, 11, 73, 5171
What are the prime factors of 880057403?
29, 1789, 16963
What are the prime factors of 429530000?
2, 5, 42953
What are the prime factors of 529814831?
7, 13, 31, 14447
What are the prime factors of 62367919?
47, 269, 4933
What are the prime factors of 2778975587?
19, 3793, 38561
List the prime factors of 131146948.
2, 239, 137183
List the prime factors of 164920503.
3, 11, 181, 27611
What are the prime factors of 424616796?
2, 3, 31, 126827
What are the prime factors of 44348926?
2, 19, 1167077
What are the prime factors of 692264714?
2, 346132357
List the prime factors of 11631956.
2, 7, 415427
What are the prime factors of 245926555?
5, 7, 7026473
What are the prime factors of 5737665214?
2, 41, 69971527
What are the prime factors of 237338983?
7, 61, 555829
List the prime factors of 106927665.
3, 5, 13, 548347
List the prime factors of 2011211062.
2, 7, 143657933
List the prime factors of 596104012.
2, 7, 43, 70729
List the prime factors of 3228529.
67, 48187
What are the prime factors of 446240502?
2, 3, 67, 41113
List the prime factors of 3321513972.
2, 3, 7, 31, 239, 593
List the prime factors of 22005960.
2, 3, 5, 183383
What are the prime factors of 5333048675?
5, 213321947
List the prime factors of 65981714.
2, 53, 191, 3259
What are the prime factors of 55843913?
59, 946507
What are the prime factors of 874091951?
113, 7735327
List the prime factors of 478642493.
7, 68377499
List the prime factors of 446439779.
446439779
What are the prime factors of 2332532003?
2332532003
What are the prime factors of 2981273728?
2, 3307, 7043
What are the prime factors of 1099476182?
2, 7, 97, 809629
List the prime factors of 72965976.
2, 3, 3040249
What are the prime factors of 168183875?
5, 1345471
List the prime factors of 3710835628.
2, 927708907
List the prime factors of 512327792.
2, 83, 317, 1217
What are the prime factors of 198598037?
11, 43, 293, 1433
List the prime factors of 4567851175.
5, 23, 7944089
What are the prime factors of 79810583?
19, 137, 30661
What are the prime factors of 288263625?
3, 5, 13, 29, 2039
List the prime factors of 3020405577.
3, 7, 143828837
List the prime factors of 198457102.
2, 31, 449, 7129
List the prime factors of 357945684.
2, 3, 59, 505573
What are the prime factors of 131350835?
5, 7, 11, 341171
What are the prime factors of 135950189?
523, 259943
What are the prime factors of 76392401?
31, 2464271
List the prime factors of 657571013.
11, 59779183
What are the prime factors of 313652197?
29, 47, 359, 641
List the prime factors of 1736935913.
347, 1187, 4217
What are the prime factors of 927037694?
2, 11, 42138077
What are the prime factors of 2307984250?
2, 5, 11, 13, 5869
List the prime factors of 261609537.
3, 7, 19, 53, 89, 139
What are the prime factors of 1598069391?
3, 113, 151, 31219
What are the prime factors of 6995815668?
2, 3, 1297, 49943
List the prime factors of 568834571.
421, 1351151
List the prime factors of 1314978011.
19, 23, 3009103
List the prime factors of 2180409996.
2, 3, 181700833
What are the prime factors of 406296399?
3, 19, 7128007
List the prime factors of 173075014.
2, 7, 101, 122401
List the prime factors of 31226523.
3, 211, 49331
What are the prime factors of 676587578?
2, 338293789
List the prime factors of 35125915.
5, 11, 233, 2741
What are the prime factors of 5250182892?
2, 3, 61, 131, 54751
What are the prime factors of 50054185?
5, 431, 23227
List the prime factors of 2186029349.
7, 41, 83, 163, 563
What are the prime factors of 172702164?
2, 3, 2207, 6521
What are the prime factors of 1552619620?
2, 5, 47, 1651723
List the prime factors of 2653636410.
2, 3, 5, 9828283
List the prime factors of 1938407389.
41, 571, 82799
What are the prime factors of 623442823?
623442823
List the prime factors of 626888880.
2, 3, 5, 870679
What are the prime factors of 97039586?
2, 7, 2179, 3181
What are the prime factors of 944587759?
23, 877, 46829
List the prime factors of 65972000.
2, 5, 16493
What are the prime factors of 587036838?
2, 3, 97839473
List the prime factors of 25601754.
2, 3, 293, 14563
What are the prime factors of 105802051?
19, 5568529
What are the prime factors of 3181520578?
2, 3917, 406117
List the prime factors of 175946844.
2, 3, 2083, 7039
List the prime factors of 17864280.
2, 3, 5, 7, 17, 139
List the prime factors of 39959683.
191, 209213
What are the prime factors of 47535738?
2, 3, 499, 15877
What are the prime factors of 21796263?
3, 269, 3001
List the prime factors of 899892020.
2, 5, 23, 1956287
List the prime factors of 523323501.
3, 174441167
What are the prime factors of 2328457008?
2, 3, 257, 188753
What are the prime factors of 8569222?
2, 2053, 2087
List the prime factors of 5030638301.
13, 397, 739, 1319
List the prime factors of 4701820971.
3, 1103, 1420919
List the prime factors of 116529974.
2, 11, 5296817
List the prime factors of 18252899.
7, 2607557
List the prime factors of 1766588.
2, 441647
What are the prime factors of 1416857209?
773, 1832933
List the prime factors of 141088802.
2, 8221, 8581
What are the prime factors of 27133270?
2, 5, 29, 93563
List the prime factors of 3239817905.
5, 31, 101, 206951
What are the prime factors of 4822871389?
7, 17, 4349, 9319
List the prime factors of 392785344.
2, 3, 7, 61, 1597
List the prime factors of 46033835.
5, 9206767
List the prime factors of 4656635306.
2, 113, 20604581
List the prime factors of 2168507314.
2, 179, 2161, 2803
List the prime factors of 30862669.
19, 1624351
What are the prime factors of 41778428?
2, 127, 82241
What are the prime factors of 3840753011?
29, 4987, 26557
What are the prime factors of 572626633?
572626633
What are the prime factors of 308333574?
2, 3, 1583, 3607
What are the prime factors of 7849616?
2, 127, 3863
What are the prime factors of 5076191570?
2, 5, 521, 974317
List the prime factors of 109875337.
11, 13, 768359
What are the prime factors of 1728542800?
2, 5, 4321357
List the prime factors of 2494249155.
3, 5, 55427759
What are the prime factors of 17669444?
2, 13, 103, 3299
List the prime factors of 94231106.
2, 257, 183329
List the prime factors of 37676226.
2, 3, 7, 897053
List the prime factors of 2246951581.
7, 23, 29, 481249
List the prime factors of 33327797.
33327797
What are the prime factors of 60409743?
3, 64